ose 0 = 5*q, 0 = -3*k + 4*k - 3*q + 155. Let d = -89 - k. Calculate the greatest common factor of d and 44.
22
Let m(j) = -j**3 + j**2 + 4*j + 4. Let n be m(-3). Let i = -16 + n. What is the highest common divisor of i and 48?
12
Suppose -5*u + 30 + 10 = 0. Let l = 51 + -33. Suppose -6*b + 3*m + l = -4*b, -2*m - 56 = -5*b. Calculate the highest common factor of b and u.
4
Suppose 3*p - 3*a - 87 = 0, 5*p - 86 = -3*a + 91. What is the greatest common divisor of p and 22?
11
Let i(r) = -r**3 + 5*r**2 + 4*r - 7. Let h = 10 - 5. Let a be i(h). Calculate the greatest common factor of 13 and a.
13
Let u be 6/(-27) - (-2 + (-21)/(-27)). Calculate the greatest common factor of 16 and u.
1
Let c = 57 + -27. Calculate the highest common divisor of c and 18.
6
Let z = 0 + 44. Suppose 6 - 18 = -3*k. Calculate the greatest common divisor of k and z.
4
Let t be 24/(-32) + 7/4. What is the highest common divisor of t and 11?
1
Suppose -3*w - 3*g = -12, 5*w - 6 - 6 = -g. Let a be (-1)/2*-4 + 0. Calculate the highest common divisor of a and w.
2
Let k(p) = p**3 - p**2 + 42. Let u be k(0). Suppose -2 - 4 = -y. Calculate the highest common divisor of u and y.
6
Let o(x) = x**3 - 7*x**2 + 10*x - 8. Let w be o(6). Let c be (-1 - -4) + w + 1. Calculate the greatest common factor of 4 and c.
4
Suppose 0 = -4*v - 51 + 259. Let w be 3*-1 - (-1 + 3). Let b be (w/(-15))/(1/39). Calculate the greatest common factor of b and v.
13
Let n(v) = -60*v**2 + v + 1. Let u be n(-1). Let b = -30 - u. Calculate the highest common divisor of b and 10.
10
Suppose 0 = 19*b - 24*b + 200. What is the greatest common factor of b and 16?
8
Let o(r) = -r**3 - 6*r**2 + 5. Let q be o(-6). Let a be (9 + -2)/(q/90). Calculate the highest common factor of a and 14.
14
Let f(l) = 4*l - 8. Let q(y) = 1. Let h(g) = -f(g) - 12*q(g). Let b be h(-6). Let u = 65 - 15. Calculate the greatest common factor of u and b.
10
Let d(f) = f**2 - 8*f - 6. Let w be d(9). Suppose -w*z + 9 = -r, 4*r = 7 - 19. Let i be (-12)/10*40/(-3). Calculate the greatest common divisor of z and i.
2
Suppose 4*y = 5*j - 176, 5*y + 102 = 2*j + 18. Calculate the highest common divisor of j and 8.
8
Suppose 0*s - 3*s = -396. Suppose -3 = n, -5*u - 2*n + 4 = -5. Suppose -48 = -u*i + s. Calculate the greatest common factor of 40 and i.
20
Let h = 35 + -20. Suppose 0*g - 3*g - 264 = 0. Let v = g - -163. Calculate the greatest common divisor of v and h.
15
Suppose 3*x = 3*y + 273, -4*x + 115 = 3*y - 249. Suppose 2*o - 6*o - 44 = 0. Let v = 2 - o. Calculate the greatest common divisor of v and x.
13
Let c be 1/1*2/2. What is the highest common factor of c and 7?
1
Let l(p) = 12*p + 5. Let w be l(5). Calculate the greatest common factor of w and 13.
13
Suppose 3*s = -5*m + 238, s + 2*m - 80 = -0*s. What is the greatest common divisor of s and 114?
38
Let b(n) be the third derivative of -n**6/120 - 7*n**5/60 - n**4/4 + n**3/3 - n**2. Let s be b(-6). What is the greatest common factor of 2 and s?
2
Let m be 1*(6/3 - -1). Let t be 2/m + 129/9. What is the greatest common factor of 45 and t?
15
Let o(j) = -j**2 + 5*j + 3. Let p be o(4). What is the highest common factor of 91 and p?
7
Suppose -5*h - 4*u + 37 = -u, 2*u = -2*h + 14. Calculate the greatest common factor of h and 104.
8
Let w(y) = y**3 - 3*y**2 - y + 9. Let v be w(4). What is the greatest common factor of v and 3?
3
Suppose 2*k + 26 = 5*y, -4*k = 4*y - 0*k - 4. What is the greatest common divisor of 68 and y?
4
Suppose -2*x + b = -4*b - 35, 2*x - 2*b - 20 = 0. Suppose 4*d = x + 19. Suppose g + 30 = d*g. What is the greatest common divisor of 2 and g?
2
Let t be 177*10/75 + (-2)/(-5). What is the greatest common divisor of t and 32?
8
Let m(q) = -q**3 - 3*q**2 + 2*q + 6. Let y be m(-4). Let t = y - -31. Let k(s) = 2*s**2 + 4*s. Let p be k(-5). What is the highest common divisor of p and t?
15
Suppose -4*y + 52 = 4*n, -5*y - 36 - 27 = -3*n. Calculate the greatest common factor of 24 and n.
8
Let c(l) = 85*l**2 - 8*l - 11. Let k(j) = 57*j**2 - 5*j - 7. Let y(q) = -5*c(q) + 8*k(q). Let s be y(-1). What is the greatest common divisor of 10 and s?
10
Let g(z) = z**3 - 3*z**2 - 16*z + 12. Let p be g(6). What is the greatest common factor of p and 72?
24
Let a(f) = -f**2 + 6*f + 1. Let c be (-4 - (3 + -2))*-1. Let w be a(c). Suppose r - w = 1. What is the greatest common divisor of r and 77?
7
Let g(y) = 2*y**2 - y + 5. Let c be g(0). What is the greatest common factor of c and 5?
5
Let m(b) = b**3 - b**2 - b + 35. Let u be m(0). Calculate the highest common factor of u and 5.
5
Let h(b) = -69*b**3 - 2*b - 1. Let y be h(-1). Calculate the highest common divisor of 10 and y.
10
Suppose r + 2*i = 18, r - 5*r + 4*i + 132 = 0. What is the greatest common factor of r and 42?
14
Suppose g - 83 = 5*p, -5*g + 149 = 2*p - 293. Let t(d) = 2*d - 3. Let b be t(2). Let l be (22/(-8))/(b/(-4)). Calculate the highest common factor of l and g.
11
Let i = 7 + 33. What is the greatest common divisor of i and 10?
10
Let v(f) = 2*f - 1. Let d be v(2). Let m = 15 - d. Calculate the greatest common factor of 132 and m.
12
Let m = -5 - -8. Suppose -4*s - 74 = v, -m*s + 6 = 9. Let u = -10 - v. What is the highest common divisor of u and 12?
12
Let d = -4 + 11. Let i be 316/28 - 2/d. Calculate the greatest common divisor of 22 and i.
11
Suppose 5*z + 54 = -o, 0*z - 216 = 5*o - 2*z. Let t = o - -66. What is the highest common factor of t and 2?
2
Let q(l) = 19*l**3 - l**2 + 2*l - 1. Let z be q(1). Let b = -16 + z. Suppose -g = -3*g + 24. What is the greatest common factor of g and b?
3
Let x(f) = -f**2 - 10*f + 5. Let z be x(-5). Suppose 6*y - 51 = -4*s + 5*y, 38 = 3*s + y. Let u = 16 - s. Calculate the highest common factor of u and z.
3
Suppose -105 = -10*k + 3*k. What is the greatest common factor of k and 5?
5
Suppose 84 = 5*c + 29. Calculate the highest common divisor of c and 22.
11
Suppose -3*c + 91 = p, -4*p + 132 = 6*c - 2*c. Suppose 3*s + d - 35 = c, 5*d = 4*s - 79. What is the highest common divisor of s and 42?
21
Let o(r) = -r**2 - 11*r - 10. Let m be o(-8). Let a = m + 5. What is the highest common divisor of 209 and a?
19
Suppose 0 = -6*o + 4 + 20. What is the greatest common factor of 32 and o?
4
Suppose 80 = 5*u - p, 4*u - 2*p = -3*p + 55. Suppose 0*g + 4*g - 531 = 3*c, 0 = -2*g + 5*c + 255. What is the highest common divisor of u and g?
15
Let u be (-60)/(-4)*(-147)/(-9). Calculate the highest common divisor of 35 and u.
35
Suppose -1 = -z + 6. Suppose 0 = 3*k - 3*j + z*j - 677, -4*j - 478 = -2*k. Calculate the greatest common divisor of k and 21.
21
Suppose 4*p - 5*p = 2. Let z be p + -5*(-6 + 2). Let h(k) = 36*k**3 + k**2 - k. Let l be h(1). What is the greatest common divisor of l and z?
18
Suppose v + 184 = 5*s + 4*v, -3*s = 4*v - 117. Calculate the greatest common factor of s and 70.
35
Suppose m - 4*m - 57 = -4*p, 4*m = 4*p - 52. Let u be (-2)/3 + (-411)/(-9). Calculate the greatest common divisor of u and p.
9
Let c = 42 + 10. What is the greatest common factor of 13 and c?
13
Let l(b) = b**2 - 9*b + 2. Let a(g) = 2*g**2 + 2. Let q be a(2). Let v be l(q). Let h be (-4)/(-10) + 116/10. Calculate the greatest common divisor of h and v.
12
Suppose 0 = 4*n - 20, -5*z + z + n = -19. Let w be 49 + 0 - (1 - 0). What is the greatest common factor of w and z?
6
Suppose -6*b + 2*b + 44 = 0. Suppose -4 = -3*i + b. Calculate the greatest common divisor of 15 and i.
5
Let p = -23 - -51. Suppose -h = -3*h + p. Calculate the greatest common divisor of h and 42.
14
Suppose -8 = 2*q + 2*i, 5*q + 7 + 7 = -3*i. Let d be 10*(4 - 2)*q. Let u = d + 50. Calculate the greatest common divisor of u and 20.
10
Let q = -40 - -46. Calculate the greatest common factor of 3 and q.
3
Let t(z) = z**2 + 2*z - 3. Let y be t(-4). Suppose y*n - 15 = 0, -3*f - 2*f - n = -103. Calculate the greatest common divisor of f and 30.
10
Suppose -4*j + 196 = -4*z, 5*z + 157 = -0*j + 3*j. Suppose -20 = -0*x - 5*x. What is the greatest common factor of j and x?
4
Let l be 6/8*(3 - -25). Suppose g + l = 3*y - 4*g, 2*y + 4*g - 36 = 0. Calculate the greatest common divisor of y and 48.
12
Suppose -6*i + 3*i = 0. Let q be (i - 1)*1*-15. What is the greatest common divisor of 135 and q?
15
Let q(i) = -i**2 + 10*i - 12. Let o be q(9). L